 5, 0 = 4*z + 3*k - 7. Suppose o = 3*o - z*f - 20, f = -5*o + 28. What are the prime factors of o?
2, 3
Suppose -3*m - 2*j + 16 = -7*j, -5*m - 3*j + 72 = 0. List the prime factors of m.
2, 3
Suppose -4*m + 3*p = 22, -m + 8 - 2 = 5*p. Let l = 0 - m. Suppose -u - 2 = -l. What are the prime factors of u?
2
Let u = 13 - 13. Suppose u = 3*g - 21. What are the prime factors of g?
7
Suppose 5*q = -13 - 2. Let v(s) = -s**3 - 4*s - 2. List the prime factors of v(q).
37
Let n be 4/14 + (-48)/(-28). Suppose h = n*h + 9. List the prime factors of (-114)/(-27) + 2/h.
2
List the prime factors of (-3 - -7)*(0 + 782/8).
17, 23
Let u(s) = -2*s**2 + 4*s. Let i be u(4). What are the prime factors of 24/i*(-28)/3?
2, 7
Suppose 0 = 2*k + 5*j - 19, -3*j = -4*k + 5*k - 11. Suppose -m + 15 = k*u + 4, 2*u + 2*m - 10 = 0. What are the prime factors of u?
2, 3
Let o = 31 + -20. List the prime factors of (1/2)/(o/1342).
61
Let g(t) = t**3 + 7*t**2 + 6*t - 2. List the prime factors of g(-5).
2, 3
Suppose -x + 3*x = -78. Let s = x + 63. List the prime factors of s.
2, 3
Let a be -2 - (-1 + 3)*-2. Let q be 36/21 + a/7. List the prime factors of (2/(-2))/((-1)/q).
2
Suppose -104 = -4*r + 3*n + n, -22 = -r - n. List the prime factors of r.
2, 3
Let b(s) = -s**3 + s**2 + s + 41. Let q be b(0). Suppose 11 + q = 2*p. List the prime factors of p.
2, 13
Let c = 18 - -11. List the prime factors of c.
29
Suppose -2*d + 220 = 3*d - 5*i, -214 = -5*d - i. What are the prime factors of d?
43
Suppose 5*i + b = 28, 0 = 2*b - 0 + 4. List the prime factors of (-2)/(-12) - (-17)/i.
3
Let z be (-1)/6*4*-24. What are the prime factors of (15/20)/(1/z)?
2, 3
Suppose 8 = -4*r, 0 = z - 6*z + 2*r + 29. Suppose -3*b - 4*x + z = 0, 0 = b + 2*b + x - 8. Let o = 0 + b. List the prime factors of o.
3
Suppose 0 = -g - 4 + 21. List the prime factors of g.
17
Let m(f) be the first derivative of 4*f**3/3 - f**2 + 3*f + 3. Let s be 0 + (1/1 - -1). What are the prime factors of m(s)?
3, 5
Suppose c + g - 1 = 0, 2*g = -g + 3. Suppose -b = -c + 4. List the prime factors of (-1)/b - (-31)/4.
2
Let j(n) be the second derivative of n**4/12 - n**3/3 + 3*n**2/2 - 2*n. Let c be (-4)/(12/9)*-1. List the prime factors of j(c).
2, 3
Suppose 0 = -3*w + 8 + 25. Suppose 5*s + 4*u + 30 = w, -2*s - 3 = -3*u. Let d(n) = n**3 + 3*n**2 - n - 1. List the prime factors of d(s).
2
Let w(x) = 2*x - 5. Suppose 5*j - 8*c = -4*c + 29, 5*j - c = 26. What are the prime factors of w(j)?
5
Suppose 3*u - 7*u = -100. List the prime factors of u.
5
Suppose 3*l + 7 = 46. Suppose 3*z = l - 1. Suppose z*u + 3 = 27. List the prime factors of u.
2, 3
Let g(j) = 27*j - 25. List the prime factors of g(8).
191
Let h(t) = t**2 - 9*t - 13. What are the prime factors of h(-4)?
3, 13
What are the prime factors of (-1 - 39/9)/((-6)/153)?
2, 17
Let z(x) = -2*x + 2. Let h be z(-4). List the prime factors of (-336)/(-15) + (-4)/h.
2, 11
List the prime factors of (-1675)/(-8) + 21/(-56).
11, 19
Suppose -4*m - 595 = -9*m. List the prime factors of m.
7, 17
Let q be (-3)/2*(-16)/12. Suppose 5 = 5*k + 5*f, -4*k - 3 + q = 5*f. List the prime factors of k.
2, 3
Let l(d) be the third derivative of d**6/120 - d**5/12 - 5*d**4/24 + d**3/3 + d**2. List the prime factors of l(6).
2
Let s(u) = u - 5. Let n be s(3). What are the prime factors of n*2/12*-12?
2
Suppose 0 = 2*c - 15 + 5. Let b(d) = -5 - 3 + 3 + c*d. List the prime factors of b(4).
3, 5
Let n(j) = j**2 + 8*j + 9. Let c be n(-6). What are the prime factors of 31/3 - (-1)/c?
2, 5
Suppose 5*z = c + c + 338, 326 = 5*z + c. Suppose -4*x - 2 + z = 0. List the prime factors of x.
2
Let z be (-20)/(-5) + 2/(-2). Suppose 2*i - 4*i = -4*t + 10, -z*i - 9 = -3*t. Suppose 0 = 2*v - 6, -2*k + 1 = t*k - 5*v. List the prime factors of k.
2
Suppose 0 = 4*t - 71 - 257. What are the prime factors of t?
2, 41
Let m = -1 + 3. Suppose 4*o + m*v + 0*v = 42, -11 = -2*o - 3*v. What are the prime factors of o?
13
Let c = -87 + 128. List the prime factors of c.
41
Let f(q) = 5*q**2 + 2*q + 10. Let t(i) = i**2 + 1. Let r(w) = -f(w) + 6*t(w). List the prime factors of r(5).
11
Let u(t) = -4*t + 2. Let q be u(1). Let y = q - -9. List the prime factors of y.
7
Suppose i = 4*i - 42. Let b = i - 10. What are the prime factors of b?
2
Let a = 0 - 4. Let x be (2 - -7)/((-6)/a). List the prime factors of x/(-5)*1*-10.
2, 3
Let w(q) = 3*q - 3. Let u be w(8). Suppose 2*h - u = 9. List the prime factors of h.
3, 5
Let b be (-2)/(-3) + 2/(-3). Suppose 2*d - 3*d + 3 = b. What are the prime factors of d?
3
Let s = 132 + -68. Let w = s + -42. List the prime factors of w.
2, 11
What are the prime factors of 13*5 - (-12 + 11)?
2, 3, 11
Suppose 135 = -o + 6*o. Suppose -o = -5*r + 48. List the prime factors of r.
3, 5
Let k be (-6)/5*(-10)/4. Suppose 0*c - k = -c. What are the prime factors of c?
3
Suppose 0 = -7*h + 10 + 25. Suppose h*s - 34 = 141. What are the prime factors of s?
5, 7
Let u = 57 + -31. Suppose 46 = 3*k - u. Suppose 0 = 2*m - 0*m - k. List the prime factors of m.
2, 3
Let n be 2/(-1 - (-111)/109). Suppose 5*y - n + 39 = 0. List the prime factors of y.
2, 7
Suppose -525 = -5*n + 4*v, -5*n - v = 4*v - 525. Let m be (-2)/(-8) + n/12. List the prime factors of 68/5 - m/15.
13
Let c = 2 + -2. Suppose -5*m - 3*o = -70, o + c = -m + 16. What are the prime factors of m?
11
Let x(m) = 4*m**2 + 6*m + 10. List the prime factors of x(-3).
2, 7
Suppose k = 3*z + 107, 3*k + 417 = 7*k - z. Suppose 0*b = -2*b + k. What are the prime factors of b?
2, 13
Let i(d) = -d**2 - 10*d + 5. Let o be i(-10). Let x = o + -4. Suppose -14 = -5*h + x. What are the prime factors of h?
3
List the prime factors of (-1)/4 + 1 + 1220/16.
7, 11
Let m(c) be the third derivative of -c**4/8 - 5*c**3/6 + c**2. List the prime factors of m(-7).
2
Let y = -2 - 33. Let n be (-1)/(-3) + (-73)/3. Let b = n - y. List the prime factors of b.
11
Let a(q) = -77*q**2 - 3*q + 3. Let x be a(1). List the prime factors of (x/28)/((-3)/12).
11
Let o(y) be the second derivative of -5*y**3/3 + y**2/2 + y. What are the prime factors of o(-1)?
11
Suppose 16 = 2*q - 22. List the prime factors of q.
19
Let h = -39 + 36. Suppose -u + 2*y = -3*y - 31, 3*y = 3*u - 33. Let g = u + h. List the prime factors of g.
3
Let m = -38 + 72. Let q = 50 - m. List the prime factors of q.
2
Let d be 2/4 + 30/12. Suppose -b = 4*t, 2*b = d*t + 2*t. Suppose t*s - 4*s = -36. List the prime factors of s.
3
Suppose 135 = 12*j - 9*j. List the prime factors of j.
3, 5
Let o(g) = g**3 - 14*g**2 - 12*g + 10. List the prime factors of o(15).
5, 11
Let k(z) be the first derivative of 7*z**4/2 + 5. What are the prime factors of k(1)?
2, 7
Let x(g) = -g**2 - 14*g - 4. List the prime factors of x(-13).
3
Suppose -2*u + 0*u - n + 37 = 0, 0 = -3*u - 2*n + 55. List the prime factors of u.
19
Suppose 0 = m + 5*s - 30, 4*m + 0*s - 25 = -s. Suppose -m*f + o = -22, 4*f + o - 28 = -f. List the prime factors of f.
5
Suppose -2*o - o + 12 = 0. Let x(h) = 4*h - 4. Let d be x(o). List the prime factors of (-10)/(-6) + 4/d.
2
Let l(x) = 6*x. List the prime factors of l(3).
2, 3
Suppose -2*z = -y - 14, y + 10 = -2*y - 2*z. List the prime factors of (204/(-18))/(2/y).
2, 17
Let v(f) = 42*f**2 + f + 2. What are the prime factors of v(-1)?
43
Suppose -w + 2 = -1. Suppose 0 = -3*o - 2*n + n + 50, 71 = 4*o - w*n. List the prime factors of o.
17
Let c = 9 + 6. List the prime factors of c.
3, 5
Let o = 4 - 3. Let l be o/(0 - (-3)/3). Suppose 4 = g + l. What are the prime factors of g?
3
Suppose -712 = 2*k + 2*k. What are the prime factors of (-6)/33 + k/(-11)?
2
Let u(n) = 9*n + 31. What are the prime factors of u(13)?
2, 37
Let x = 25 - 9. Let i be (-7)/(-4) + 4/x. Suppose j - 17 = -4*a, -i = 4*a - 14. List the prime factors of j.
5
Suppose -4*l + 3*a + 135 = -l, 0 = -4*a. List the prime factors of l.
3, 5
Let a be 1/(10/6)*5. Suppose -b - a*b + 25 = -3*i, -90 = 5*i + 3*b. Let j = 28 + i. What are the prime factors of j?
13
Suppose 4*b = -3*f + 8, 2*f + 4*b = -0*f + 8. Suppose s - 24 + 12 = f. What are the prime factors of s?
2, 3
Suppose -2*u - k = -6, 3*u + 4*k - 12 = -u. Let l be u/6 - 6/(-4). Suppose o = l*o - 12. What are the prime factors of o?
2, 3
Let z = -13 - -8. List the prime factors of (-1 - z)/((-4)/(-10)).
2, 5
Let p(i) = 3*i +